+ 3457022. What is v(-233)?
1
Let x(m) = 51833*m + 1969655. Determine x(-38).
1
Let n(g) = g**3 + 79*g**2 + 1078*g - 10159. Give n(-57).
-127
Let l(b) = -120*b + 1244. Determine l(19).
-1036
Let o(j) = 13*j**3 - 9*j**2 - 21*j + 211. Determine o(5).
1506
Let x(d) = -470*d**2 - 554135*d - 5888. What is x(-1179)?
7
Let a(d) = 5*d**2 - 5*d + 344. Give a(16).
1544
Let i(d) = d**2 + 335*d + 27171. Determine i(-129).
597
Let l(y) = -109*y**2 + 32*y - 43. Give l(2).
-415
Let n(v) = -3542*v + 807586. Calculate n(228).
10
Let g(s) = 3*s**2 - 188*s + 2965. What is g(31)?
20
Let v(g) = 6774*g**2 + 81304*g - 19. What is v(-12)?
-211
Let u(p) = 41291*p - 1775490. What is u(43)?
23
Let z(g) = -g**3 + 199*g**2 - 1835*g + 284063. Determine z(197).
186
Let d(y) = y**2 + 26152*y + 940180. Give d(-36).
4
Let p(s) = 33*s**3 - 3*s**2 - 624*s - 620. Give p(-1).
-32
Let k(y) = -y**3 + 353*y**2 - 27*y + 9489. Give k(353).
-42
Let q(c) = -2471*c - 219904. What is q(-89)?
15
Let h(b) = b**3 + 830*b**2 + 2482*b + 869. What is h(-827)?
42
Let m(o) = o**3 - 16*o**2 + 67*o + 483. Give m(-9).
-2145
Let q(d) = 7427*d + 787277. Calculate q(-106).
15
Let g(a) = -14536*a - 1046404. Give g(-72).
188
Let v(p) = 5918*p + 71023. What is v(-12)?
7
Let i(b) = -5*b**2 + 878*b - 16253. Determine i(21).
-20
Let l(y) = 296*y**2 + 58273*y - 7641. Determine l(-197).
42
Let u(b) = -17*b**3 - 484*b**2 - 3283*b - 30. Give u(-11).
146
Let u(z) = 3*z**3 - 20*z**2 + 17*z - 739. What is u(9)?
-19
Let q(g) = 3*g**3 - 39*g**2 - 820*g + 10814. Determine q(14).
-78
Let l(d) = 4*d**2 - 1134*d + 61377. What is l(74)?
-635
Let a(n) = 6*n**3 + n**2 - 133*n - 1014. Give a(-10).
-5584
Let x(v) = 5*v**3 - 955*v**2 + 1930*v - 7387. Calculate x(189).
173
Let f(n) = -3*n**2 + 88*n + 566. Calculate f(-5).
51
Let b(q) = -634784*q + 1269563. What is b(2)?
-5
Let k(s) = 920*s**2 - 4627*s + 4. What is k(5)?
-131
Let h(p) = 5*p + 1740. What is h(-30)?
1590
Let o(r) = 17*r**3 + 8411*r**2 - 1979*r + 491. Calculate o(-495).
-4
Let i(o) = 254*o**2 - 24005*o + 24004. Determine i(1).
253
Let d(s) = 11366*s - 56670. Calculate d(5).
160
Let c(r) = -13*r**3 - r**2 + 425*r - 25. Determine c(0).
-25
Let v(c) = -c**2 + 3941*c + 1446298. What is v(-338)?
-4
Let y(o) = 8*o**3 + 86*o**2 + 66*o - 15. Calculate y(-10).
-75
Let f(a) = 4*a**3 - 49*a**2 - 324*a - 112. Calculate f(17).
-129
Let v(l) = 191*l - 77132. Determine v(404).
32
Let t(l) = l**3 + 129*l**2 + 940*l - 39. Determine t(-8).
185
Let g(q) = q**2 - 2002*q - 22155. Calculate g(-11).
-12
Let m(o) = -6*o**3 + 731*o**2 + 827*o + 4104. Give m(123).
-78
Let d(j) = 7*j**2 + 152*j - 3221. What is d(-39)?
1498
Let x(o) = -3*o**3 - 19*o**2 - 1191*o + 1210. Calculate x(1).
-3
Let w(a) = 11891*a - 4887184. Calculate w(411).
17
Let x(c) = -1231*c - 409115. What is x(-332)?
-423
Let j(u) = -22129*u + 863018. Give j(39).
-13
Let l(t) = t**2 - 3276*t + 26188. Give l(8).
44
Let a(x) = 4*x**2 - 2712*x - 47291. Calculate a(-17).
-31
Let h(c) = -59352*c + 1068246. What is h(18)?
-90
Let r(c) = 7357*c - 125020. Calculate r(17).
49
Let x(p) = -2421*p**2 + 31475*p - 24. Determine x(13).
2
Let o(f) = 1780*f + 58755. Determine o(-33).
15
Let h(j) = -149341*j + 896060. What is h(6)?
14
Let t(g) = -668*g - 6137. What is t(-9)?
-125
Let w(k) = 4934*k**2 + 34493*k - 307. What is w(-7)?
8
Let t(k) = k**3 - 468*k**2 - 547424*k - 2158. Determine t(-542).
10
Let r(w) = w**3 + 15*w**2 + 558*w + 8273. Give r(-15).
-97
Let r(c) = 46705*c - 47015. Determine r(1).
-310
Let g(w) = -w**3 - 66*w**2 - 235*w + 247. Calculate g(-62).
-559
Let j(i) = 16*i**2 + 180*i - 60. What is j(0)?
-60
Let j(v) = -65*v**3 + 46*v**2 - v + 7. Calculate j(2).
-331
Let a(c) = -331*c + 3559. Calculate a(11).
-82
Let i(m) = -95*m**2 + 218*m - 431. Calculate i(2).
-375
Let m(a) = 2758*a - 231761. Calculate m(84).
-89
Let i(o) = -3*o**3 + 950*o**2 - 631*o - 322. Determine i(316).
-6
Let o(r) = r**2 - 740*r + 37599. Calculate o(55).
-76
Let m(j) = 8*j**3 + 29*j**2 - 115*j - 13. What is m(-6)?
-7
Let t(r) = -12744*r + 292939. Calculate t(23).
-173
Let p(r) = -3216*r + 68. What is p(0)?
68
Let p(t) = 8745*t - 4564887. Calculate p(522).
3
Let h(x) = 3*x**2 + 186968*x - 747923. Give h(4).
-3
Let v(t) = -155*t - 12392. Determine v(-80).
8
Let r(f) = -133*f + 27545. What is r(208)?
-119
Let l(v) = 304*v - 745. What is l(4)?
471
Let b(z) = 350*z + 31456. Give b(-90).
-44
Let q(t) = -t**3 - 7*t**2 - 45*t - 561. Calculate q(-9).
6
Let p(r) = r**3 - 9*r**2 - 126*r - 168. What is p(17)?
2
Let x(k) = 191*k**2 - 69*k - 7. Determine x(1).
115
Let w(q) = -26*q**2 + 966*q + 975. Give w(-1).
-17
Let j(d) = d**3 + 65*d**2 - 154*d - 29979. Determine j(-59).
-7
Let b(a) = a**2 - 78*a + 2091. Give b(37).
574
Let i(j) = 69852*j - 558806. What is i(8)?
10
Let s(r) = -73*r**2 - 1041*r + 286. What is s(-12)?
2266
Let t(h) = -468465*h - 3279246. Determine t(-7).
9
Let k(o) = o**2 - 138*o + 1979. Calculate k(122).
27
Let r(k) = k**2 - 1422*k - 1. Give r(0).
-1
Let l(d) = 3*d**2 - 18*d + 9. Determine l(-6).
225
Let n(m) = 78*m**3 - 18*m**2 - 14*m - 1. Give n(-1).
-83
Let y(x) = -4*x**3 + 256*x**2 - 735*x + 202. What is y(61)?
19
Let k(j) = -j**3 - 149*j**2 - 631*j - 7430. Determine k(-145).
-35
Let p(q) = 4*q**3 + 394*q**2 + 144*q + 33865. Determine p(-99).
7
Let y(r) = 323*r + 1518. Give y(-4).
226
Let x(t) = 5624*t - 11824. Give x(2).
-576
Let w(p) = -p**3 + 509*p**2 + 506*p - 515113. Determine w(508).
-1
Let l(f) = 234*f**3 + 184*f**2 + 375*f - 10. What is l(-2)?
-1896
Let n(i) = -58189*i - 58240. What is n(-1)?
-51
Let u(o) = 916*o - 5147. Determine u(7).
1265
Let r(c) = -c**3 + 59*c**2 + 841*c - 41. Determine r(-12).
91
Let m(p) = 627*p + 5604. Determine m(-9).
-39
Let h(j) = 107*j**2 - 2605*j - 170. Give h(24).
-1058
Let h(c) = -9*c**2 + 887*c + 1109. Determine h(98).
1599
Let n(g) = -210*g**3 - 15*g**2 - 12*g + 71. Determine n(2).
-1693
Let a(q) = 1250*q - 78757. Give a(63).
-7
Let o(v) = 3*v**2 + 1056*v - 8465. Give o(8).
175
Let c(r) = 121*r**2 - 669*r + 676. Determine c(1).
128
Let d(b) = -110*b**2 + 37184*b - 1306. Calculate d(338).
46
Let f(w) = 19*w**3 - w**2 - 291*w + 882. Give f(3).
513
Let a(g) = -44*g**2 + 1268*g + 2534. What is a(-2)?
-178
Let d(u) = -264281*u - 9514080. Give d(-36).
36
Let p(g) = -3*g**2 + 494065*g - 7904271. Determine p(16).
1
Let z(y) = -10526*y + 263584. Determine z(25).
434
Let s(m) = -8040*m + 2267285. Calculate s(282).
5
Let p(v) = -426114*v - 3835018. Give p(-9).
8
Let x(a) = -a**3 - 26*a**2 - 167*a - 175. Determine x(-9).
-49
Let h(l) = -1759*l + 22864. Determine h(13).
-3
Let s(c) = 62192*c - 186565. What is s(3)?
11
Let m(d) = -36*d**2 + 2708*d - 90. Determine m(75).
510
Let y(w) = -193*w**3 + 382*w**2 + 13*w - 23. Calculate y(2).
-13
Let i(o) = -2*o**2 - 325*o - 10636. Determine i(-70).
2314
Let o(u) = u**3 - 383*u**2 - 1557*u - 27. What is o(-4)?
9
Let r(l) = -42640*l - 682211. Calculate r(-16).
29
Let j(t) = -3*t**3 + 97*t**2 + 128*t + 11. What is j(0)?
11
Let p(g) = -391*g - 54763. Determine p(-140).
-23
Let g(s) = -s**3 + 115*s**2 - 714*s - 4527. Determine g(108).
9
Let u(q) = 4*q**3 + 2444*q**2 + 4868*q - 2444. Give u(-609).
-8
Let m(b) = 98266*b - 687867. Determine m(7).
-5
Let w(q) = -12290*q - 737418. Give w(-60).
-18
Let u(c) = 6*c**3 + 616*c**2 - 197*c + 871. What is u(-103)?
-56
Let m(s) = 5568*s + 167049. Give m(-30).
9
Let r(z) = 128194*z - 3204854. Give r(25).
-4
Let j(u) = -u**3 - 202*u**2 - 762*u + 5573. Give j(-198).
-367
Let l(z) = -58*z + 371. What is l(2)?
255
Let z(c) = 59*c**2 + 740*c - 400. Give z(-12).
-784
Let m(x) = -20040*x + 98034. Determine m(5).
-2166
Let d(t) = 10766*t + 2368521. Give d(-220).
1
Let d(m) = 2*m**2 + 10457*m + 146012. Give d(-14).
6
Let j(m) = 11850*m - 58803. Give j(5).
447
Let m(j) = -315*j - 91556. Calculate m(-293).
739
Let k(u) = 11*u**2 - 30*u - 18. Calculate k(-3).
171
Let a(c) = c**3 - 13*c**2 + 53*c - 58. Determine a(7).
19
Let y(n) = -342*n - 2691. Calculate y(-8).
45
Let d(h) = 22*h**2 + 153*h - 1096. Calculate d(8).
1536
Let f(o) = -364*o**2 - 743*o - 8. Determine f(-2).
22
Let h(n) = n**2 - 58*n + 1010. Calculate h(20).
250
Let u(l) = l**3 - 64*l**2 + 94*l - 1952. What is u(63)?
1
Let p(q) = q**2 - 2*q - 955. Calculate p(29).
-172
Let q(m) = -1667*m + 700